1261865
In base 9, what is 0 - -126637?
126637
In base 16, what is 3fcd - -b9?
4086
In base 4, what is -2 + -12111322?
-12111330
In base 8, what is -10 + 5250?
5240
In base 13, what is 237a2 - 1?
237a1
In base 11, what is -2 + 838?
836
In base 16, what is -8e8e - 4?
-8e92
In base 7, what is -1 + 15611542?
15611541
In base 16, what is -19 + 407?
3ee
In base 7, what is 200 - -130?
330
In base 2, what is -111101001101 - 1000110?
-111110010011
In base 15, what is 5 - b16?
-b11
In base 12, what is a7171 - -3?
a7174
In base 15, what is a5 - -1?
a6
In base 14, what is 2 - 9691?
-968d
In base 12, what is 111a00 + -3?
1119b9
In base 5, what is -400333 + -124?
-401012
In base 12, what is 125 + -3aa?
-285
In base 14, what is -15c + 6d02?
6b84
In base 8, what is 465 + 161?
646
In base 3, what is -1021 + 2120122?
2112101
In base 6, what is 4 + -503304?
-503300
In base 16, what is 3 + 3a73?
3a76
In base 4, what is -1110031 + 322?
-1103103
In base 11, what is -3 + 26973?
26970
In base 6, what is 3 - 2303220?
-2303213
In base 8, what is -20721040 + -2?
-20721042
In base 6, what is -253 + 53?
-200
In base 6, what is -11 - 10000345?
-10000400
In base 3, what is 2000 + -2010112100?
-2010110100
In base 2, what is 10100010 + -111101110?
-101001100
In base 12, what is 1a4a + 4?
1a52
In base 9, what is -1 + 211858?
211857
In base 10, what is 4 + -1056937?
-1056933
In base 10, what is -17 - -4662?
4645
In base 6, what is -1142 - 4240?
-5422
In base 3, what is -2 + 21101202?
21101200
In base 12, what is 2148b - -6?
21495
In base 11, what is 789 - 844?
-66
In base 13, what is 26 + 643?
669
In base 5, what is -10 - 443133?
-443143
In base 2, what is 1 - 110101110110?
-110101110101
In base 3, what is 112 - -22212?
100101
In base 9, what is 465 - 13?
452
In base 2, what is 0 + 101101110101000101?
101101110101000101
In base 16, what is -3b0e4 + 3?
-3b0e1
In base 16, what is -53b + -27?
-562
In base 4, what is 100111 + -10231?
23220
In base 4, what is 211 - -13102?
13313
In base 10, what is 0 - 16601?
-16601
In base 7, what is -10221 + -34?
-10255
In base 6, what is 122335 + 13?
122352
In base 16, what is -933be + 7?
-933b7
In base 3, what is 0 + -102110002?
-102110002
In base 2, what is 101 + 1110100000110011?
1110100000111000
In base 9, what is 34 - -11515?
11550
In base 4, what is 2 - -1023123133?
1023123201
In base 4, what is 21 + 231232?
231313
In base 3, what is 1101222122010 + -11?
1101222121222
In base 5, what is -1002 - -1313?
311
In base 4, what is -1113 + 20003?
12230
In base 3, what is -21100 - -22221?
1121
In base 6, what is 4322203 + 1?
4322204
In base 12, what is 154 - 1865?
-1711
In base 6, what is 3 + -145435?
-145432
In base 10, what is 23774 + -15?
23759
In base 15, what is 4 - c375?
-c371
In base 10, what is 0 - -34248?
34248
In base 12, what is 78 - -842?
8ba
In base 11, what is -49 + 97?
49
In base 7, what is 344312 + 1?
344313
In base 10, what is 5 + -298469?
-298464
In base 11, what is -6 - 503?
-509
In base 11, what is 5 - 26a83?
-26a79
In base 9, what is -10004 + 1?
-10003
In base 2, what is 100101 - -1000001111?
1000110100
In base 6, what is 101152 + 23?
101215
In base 8, what is -10231 - -123?
-10106
In base 16, what is -13a084 - 1?
-13a085
In base 10, what is 9 + 11276?
11285
In base 16, what is 8 - -3923?
392b
In base 4, what is -323200332 + -3?
-323201001
In base 3, what is 111210 - 22210?
12000
In base 7, what is -541 - -12?
-526
In base 5, what is 1 + -1111030?
-1111024
In base 15, what is -4b - 19b2?
-1a0d
In base 6, what is -2244530 + -2?
-2244532
In base 8, what is 1627030 + 0?
1627030
In base 16, what is 31a + -7c2?
-4a8
In base 4, what is 11 - 311113032?
-311113021
In base 9, what is -22386 + 17?
-22368
In base 7, what is 43 + -42234?
-42161
In base 4, what is -2311312 + -10332?
-2322310
In base 7, what is -154 - 3206?
-3363
In base 7, what is -262145 + 2?
-262143
In base 8, what is 5351 + 4?
5355
In base 2, what is -11101 - 1001000100?
-1001100001
In base 14, what is 3 + -5787?
-5784
In base 5, what is -1124 + -1030?
-2204
In base 13, what is -12a96 + 0?
-12a96
In base 6, what is -5 - 345355?
-345404
In base 15, what is 0 - -cb1c3?
cb1c3
In base 7, what is 0 + 1504232?
1504232
In base 13, what is 2 + 16b558?
16b55a
In base 16, what is 0 + -3f86a?
-3f86a
In base 12, what is 14411 - -5?
14416
In base 9, what is -2 + -8163?
-8165
In base 10, what is -107 + 47?
-60
In base 3, what is 1100 + -1101020?
-1022220
In base 7, what is 10206111 + -6?
10206102
In base 6, what is 24214 + 45?
24303
In base 2, what is 100101 - -1111011110?
10000000011
In base 9, what is -4541 - -71?
-4460
In base 16, what is 841d - 32?
83eb
In base 2, what is 11011100110 + 10111010?
11110100000
In base 5, what is 2 + 4033010?
4033012
In base 4, what is -2 - -3011231?
3011223
In base 6, what is -1050 - -352?
-254
In base 15, what is -3 + b485?
b482
In base 11, what is 735 + -a?
726
In base 12, what is 120 + -243?
-123
In base 13, what is 562 + -b6?
479
In base 13, what is -a + 13a955?
13a948
In base 16, what is 243 - -e?
251
In base 6, what is -2015 + -141?
-2200
In base 11, what is -903 + 1848?
a45
In base 4, what is -1111130 + 2211?
-1102313
In base 8, what is -5 + 121151?
121144
In base 13, what is 3930 + 5?
3935
In base 2, what is -100101 - 110011101101?
-110100010010
In base 14, what is -cb456 + 0?
-cb456
In base 9, what is 34 - -2103?
2137
In base 10, what is -41581 - -5?
-41576
In base 5, what is 1012203 + 41?
1012244
In base 7, what is 1333 - 253?
1050
In base 11, what is 137540 - 1?
13753a
In base 13, what is -24 + 37a9?
3785
In base 10, what is 237862 + 2?
237864
In base 4, what is -1 - 321100130?
-321100131
In base 16, what is -d3e3 + -4?
-d3e7
In base 13, what is -3 + 67ba3?
67ba0
In base 7, what is 2010 + 26?
2036
In base 14, what is 82055 + -2?
82053
In base 13, what is 38 + 201?
239
In base 6, what is 1 + 23441?
23442
In base 8, what is -15325 - -36?
-15267
In base 15, what is 3903 - -85?
3988
In base 11, what is -83 + -a1?
-174
In base 4, what is 110102110 + -2?
110102102
In base 11, what is 68 - -18?
85
In base 12, what is -44a94 - 27?
-44abb
In base 4, what is 120 - -3122033?
3122213
In base 2, what is 101100000011001 - -11?
101100000011100
In base 7, what is -1152 + -244?
-1426
In base 12, what is 601 + 22?
623
In base 8, what is -441 - 443?
-1104
In base 16, what is 16 - 10?
6
In base 11, what is 36 + -10447?
-10411
In base 14, what is -21893b + -1?
-21893c
In base 9, what is -650 - 1804?
-2554
In base 8, what is -1357 - 221?
-1600
In base 7, what is -4310425 + 4?
-4310421
In base 9, what is -15 - -16135?
16120
In base 4, what is -10 + -3130123?
-3130133
In base 12, what is 1a9a96 + a?
1a9aa4
In base 3, what is -12 - 102200120?
-102200202
In base 16, what is -ad10 - -1?
-ad0f
In base 4, what is 3 - 1233300020?
-1233300011
In base 16, what is -1e3 + 158?
-8b
In base 13, what is -2 + 3aaa5?
3aaa3
In base 3, what is 2022 + 1011200111?
1011202210
In base 12, what is -23 + 67?
44
In base 4, what is -12320332 - 2303?
-12323301
In base 6, what is 101001 + -121?
100440
In base 10, what is 2810 - -5?
2815
In base 13, what is 804b + 5?
8053
In base 5, what is -3210 - 1?
-3211
In base 16, what is 1 - 46184?
-46183
In base 10, what is 100 + 655?
755
In base 11, what is 2a410 + 2?
2a412
In base 11, what is -3 + 3aa92?
3aa8a
In base 7, what is -204343 - 1?
-204344
In base 14, what is 232a - -2?
232c
In base 12, what is -8 + -2863?
-286b
In base 15, what is -1ec4 + b?
-1eb8
In base 12, what is 5 - -27a0a?
27a13
In base 14, what is -4 + 57148?
57144
In base 6, what is -5125 - 105?
-5234
In base 14, what is -3c7033 + 4?
-3c702d
In base 12, what is 2500 + 12?
2512
In base 11, what is -30269 + 2?
-30267
In base 2, what is -1101001100 + 11111000010?
10001110110
In base 16, what is 4ca + 17d?
647
In base 6, what is 0 + 240124?
240124
In base 12, what is 19 - -65?
82
In base 11, what is 33547 + -5?
33542
In base 12, what is -15 + -720?
-735
In base 12, what is -19261 + 2?
-1925b
In base 10, what is -9333 + -70?
-9403
In base 14, what is 283 + -34?
24d
In base 8, what is 12 - 7640?
-7626
In base 16, what is -1350c - 0?
-1350c
In base 15, what is -34b18 - 2?
-34b1a
In base 9, what is -33836 - 8?
-33845
In base 16, what is -de6d9 - 2?
-de6db
In base 11, what is 4 + -9a